 j?
13
Let g(n) = n**3 + n + 3. Let z be g(0). Suppose -8*a + 11*a + 51 = 5*w, -z = -w + 3*a. What is the greatest common divisor of 32 and w?
4
Suppose -5*a - 2*v - v - 182 = 0, -5*a = -5*v + 150. Let h = a + 35. Let q = 17 + -10. What is the greatest common divisor of q and h?
1
Let j be (-2)/(-1) + 7 + -5. Let y(z) = -z - 8. Let i be y(-8). Suppose -k = 3*f - i*f - 54, -j*k - 72 = -4*f. What is the highest common factor of 6 and f?
6
Let o(x) = 11*x**2 + 24*x + 46. Let i be o(-2). Calculate the highest common divisor of 28 and i.
14
Let s(w) = -4*w + 156. Let q be s(34). Calculate the greatest common divisor of 20 and q.
20
Let l be 4 + (9*(-3)/(-9) - -3). Suppose -i + 5*g + 2 - 1 = 0, -5*i - 5*g = 25. Let r be 206/8 + 3/i. What is the greatest common divisor of l and r?
5
Let a = -1125 - -1326. Calculate the highest common divisor of 3 and a.
3
Suppose 700 = 191*f - 156*f. Calculate the highest common divisor of 64 and f.
4
Let x = 16 + -14. Suppose -29 = i - 2*i + 5*j, 2*j = -10. Calculate the greatest common factor of i and x.
2
Let x(m) = 19*m**2 - 3*m - 2. Let s be x(-2). Suppose 0 - 16 = -a. Calculate the highest common factor of a and s.
16
Let u = 9 + -5. Let j(q) = -2*q + 15. Let l be j(4). Suppose 5*n - 13 - l = 0. Calculate the highest common divisor of u and n.
4
Let f = -2021 - -2058. What is the greatest common factor of f and 2?
1
Let h = 656 - 541. Calculate the greatest common divisor of h and 805.
115
Let z(w) = 14*w + 28. Let a be z(4). Calculate the highest common divisor of a and 714.
42
Let n = 43 - 28. Let i = n + -13. Let w be 1 + i + (4 - -2). Calculate the highest common factor of w and 9.
9
Suppose 2*v + 6*v = 32. What is the highest common divisor of v and 212?
4
Let j = -19 + 22. Let o(q) = -q**2 + 5*q + 8. Let i be o(7). Let y = 18 + i. What is the highest common factor of y and j?
3
Suppose -60 = -23*x + 21*x. Let p(q) = 12*q + 18. Let b be p(11). What is the greatest common factor of x and b?
30
Let m be (47*42)/3 + -14 + 14. What is the highest common divisor of m and 14?
14
Suppose c + 179 + 6 = 5*l, 2*c = l - 28. Let j = l + 27. What is the greatest common divisor of j and 13?
13
Suppose 55 = 2*v - 5*o - 28, 2*o + 176 = 5*v. Calculate the highest common factor of 442 and v.
34
Suppose -w - 4*l = -25, -2*w = 2*w - l - 15. Let g(j) = -j**2 + 8*j - 7. Let i be g(w). Suppose 4*u - i*u = -84. What is the highest common factor of 21 and u?
21
Suppose 33*m - 40*m = 0. Let a(z) = z**3 - z + 132. Let d be a(m). Calculate the greatest common divisor of d and 44.
44
Suppose 0 = 31*k - 37*k + 84. What is the highest common divisor of 21 and k?
7
Let c(o) be the first derivative of -o**3/3 + 5*o**2/2 - 2*o - 1. Let s be c(4). Suppose 6*k - 144 = -s*k. What is the greatest common factor of k and 12?
6
Let l(o) = 5*o + 18. Let x be l(-3). Suppose -f + x*t = -t - 29, 5*t = -5. What is the highest common divisor of 5 and f?
5
Let z be 22 - 29 - (-32 + 1). What is the highest common factor of 56 and z?
8
Suppose 4*k - 2*k = 28. Let j be (-4)/1*1 - -3. Let o = k + j. Calculate the greatest common divisor of 104 and o.
13
Suppose 7*o - 2*o - 115 = 0. Suppose -4*w - c = -143, -o = -w + 5*c - c. What is the greatest common divisor of 7 and w?
7
Let w = -254 - -107. Let r = w + 282. Let n = 10 + 5. What is the greatest common divisor of r and n?
15
Let u be (-107)/4 + 2/(-8). Let k be 36/u - 19/(-3). Let j(m) = 4*m**2 - 5*m + 3. Let p be j(k). What is the highest common divisor of 13 and p?
13
Suppose 0 = -2*p - 3 + 13. Suppose 0 = -t + 3*a - 2, p*a + 4 + 2 = 3*t. Let q be 210/8 - t/28. What is the greatest common factor of q and 52?
26
Suppose -2*s = -3*g + 476, 3*s - 634 = -4*g + 6*s. What is the greatest common divisor of g and 32?
32
Let g = 0 - -3. Suppose g*o - 28 = 17. Suppose -13*f = -18*f + 15. Calculate the greatest common factor of f and o.
3
Let n = 0 - -9. Let b(y) = -12*y - 15. Let m be b(-5). What is the highest common divisor of m and n?
9
Suppose 8 = -y + 2*o + o, 0 = 4*y + 4*o - 32. Let r be (-2)/6 + 231/99. What is the greatest common factor of y and r?
2
Suppose -7*b - 162 = -25*b. Calculate the greatest common divisor of b and 3.
3
Suppose 0 = -3*t - 5*x + 85, 0 = -t + 6*t + 2*x - 148. Let s = -60 - -84. Let n = s - 12. What is the highest common factor of t and n?
6
Suppose 8*q - 12*q + 10 = 2*x, -5*x + 7 = q. Suppose -4*j + 565 = 5*k, -k = -q*j + 4*k + 275. What is the highest common factor of j and 20?
20
Suppose 2*i - 3*g = i + 5, 3*g - 39 = -3*i. Suppose 0 = 3*z + 2*c - 307, 2*z + 3*c - 114 = 99. What is the highest common factor of z and i?
11
Let s = -1937 + 1968. Suppose l + 5 = 0, -5*l - 480 = -3*w - 2*l. Calculate the highest common factor of w and s.
31
Let n be 18/((-104)/24 - -5). What is the greatest common factor of n and 3?
3
Let u be 75/4 - (-3)/12. Let t be ((-42)/(-35))/(2/10). Suppose -3*f = -t*f + 57. What is the greatest common divisor of f and u?
19
Suppose 2*v + 2*y - 6 - 6 = 0, -4*v + 6 = -5*y. Suppose 7 = -v*a + 27. Calculate the highest common factor of a and 15.
5
Let h be (-9)/(-3) + (-3 - 0). Suppose h = -w + 16 - 13. Let f be -3 + -1 + w + 11. What is the greatest common factor of f and 40?
10
Let j(a) be the second derivative of 9/4*a**4 + 0 + 2*a + 0*a**2 + 0*a**3. Let l be j(2). Calculate the greatest common divisor of 12 and l.
12
Let z = -183 - -227. What is the greatest common divisor of z and 682?
22
Let x(t) = -t**3 - 7*t**2 - 7*t - 6. Let g be x(-6). Suppose g*s = -6*s + 126. Let c = 31 + -17. What is the greatest common factor of c and s?
7
Let p be (3 - 2)/((-4)/(-40)). Let l(q) = -3*q + 40. Let z(m) = -m**2 - 5*m. Let g be z(-5). Let f be l(g). Calculate the greatest common divisor of f and p.
10
Let f(s) = 32*s**2 + 3. Let p be f(2). Let m = p + -41. Calculate the highest common divisor of 10 and m.
10
Let h be 9/15 - 13769/(-35). Let o(p) = -3*p**2 + 6*p - 19. Let k be o(10). Let z = k + h. What is the greatest common divisor of 54 and z?
27
Suppose -2443 = -22*b + 65. What is the greatest common divisor of b and 1995?
57
Suppose 0 = -3*m - 1896 + 2226. What is the highest common factor of 22 and m?
22
Let m be 14/(-2) + -24 + 25. Let q(j) = -j**2 - 9*j - 10. Let z be q(m). What is the greatest common divisor of z and 2?
2
Suppose 2*d + 56 = 3*z, 0 = -6*d + 11*d + 5*z + 165. Let q be 6*((-38)/4)/(-1). Let u = q + d. What is the greatest common factor of 52 and u?
26
Let s(z) = z**3 - 4*z**2 - z + 6. Let i be s(6). Let v = 67 + -31. Suppose -12*p = -16*p + v. Calculate the highest common divisor of p and i.
9
Let z be 4/(-10) + 8/(240/54582). Calculate the greatest common factor of 17 and z.
17
Suppose -335 = -5*p - 0*p. What is the greatest common factor of p and 67?
67
Let y(h) = h**2 - 12*h - 9. Let j be y(14). Let f(g) = -21 + j + g + 10. Let k be f(6). Calculate the highest common factor of k and 112.
14
Let v be (-1 + -3 - 0) + 104. Let o(d) = 16*d - 14. Let c be o(4). Calculate the greatest common factor of c and v.
50
Let u be (63/28)/((-10)/(-800)). Calculate the highest common factor of 600 and u.
60
Suppose -5*s + 6879 = 4*j, 24*j - 1725 = 23*j - 3*s. What is the highest common divisor of j and 264?
132
Let g be (-7 + 0 + -14)*1*-1. Let f(o) = o**3 - 9*o**2 - 9*o - 3. Let l be f(10). Calculate the greatest common divisor of g and l.
7
Suppose -2*u + 0*u = 0. Suppose w - 5*w + 4320 = u. Let m be (-9)/21 + w/21. What is the greatest common divisor of m and 17?
17
Let n be (1 + -36)/(4/(-12)). Let m be 0/(-2 - -4) + n. Let j be (-9)/(-6*4/112). What is the greatest common divisor of m and j?
21
Let r(k) = 115*k**3 + k**2 - 2*k + 1. Let x be r(1). Let v be (-6)/4*(-1104)/36. Calculate the greatest common factor of x and v.
23
Let i = 5 + 0. Suppose 2*v = 4*w - 138 - 84, -2*v = 5*w - 273. Calculate the highest common divisor of w and i.
5
Suppose 40*v - 7290 = 25*v. What is the highest common divisor of v and 36?
18
Let t be ((-11788)/35 + 2)/((-2)/10). Calculate the greatest common factor of t and 54.
54
Let o = 0 - -18. Suppose 6*w + 0*w = o. Suppose -3*j + 21 = 5*l, 2*j - 14 + 1 = -w*l. Calculate the highest common factor of l and 21.
3
Let y be ((147/14)/7)/(2/12). What is the highest common divisor of 369 and y?
9
Let q(r) = -9*r**2 + 1. Let w be q(